105358352753 a composite number?
False
Is 58854543037 a prime number?
True
Is 5652018269 prime?
False
Is 378398401 prime?
False
Is 1447670831 prime?
True
Is 10423683181 prime?
True
Is 33941278897 composite?
True
Is 20562334127 a composite number?
True
Is 47567631 prime?
False
Is 19278411137 a composite number?
False
Is 111144133 prime?
False
Is 227549702851 a composite number?
False
Is 450358261 a prime number?
True
Is 509090017 a prime number?
False
Is 36127743 a composite number?
True
Is 50388995827 a composite number?
True
Is 3770815193 a prime number?
True
Is 1111119043 a composite number?
False
Is 2683116587 a composite number?
False
Is 1626489833 composite?
True
Is 7666698853 a prime number?
False
Is 47512771991 prime?
True
Is 3097141535 composite?
True
Is 7161186289 a prime number?
False
Is 24779596829 composite?
True
Is 2087833967 composite?
True
Is 291416339 a prime number?
True
Is 14385166157 prime?
True
Is 43989823 composite?
True
Is 900828377 a composite number?
False
Is 20502092069 a prime number?
True
Is 16498532731 prime?
True
Is 26338331 a composite number?
True
Is 1058440241 a composite number?
True
Is 32586067 a prime number?
True
Is 1443830461 a composite number?
False
Is 5290280843 composite?
True
Is 6505616119 a prime number?
True
Is 64474402985 composite?
True
Is 17063465281 a prime number?
False
Is 52114429 prime?
True
Is 65151961 a prime number?
False
Is 362359357 composite?
True
Is 354164897 composite?
True
Is 256203397 a prime number?
True
Is 18116947307 a prime number?
True
Is 280732091 a composite number?
True
Is 6393696227 a composite number?
True
Is 34073235563 composite?
False
Is 14269516543 prime?
True
Is 354395059 a prime number?
True
Is 1097805239 composite?
False
Is 224803913 a prime number?
True
Is 6620257393 a composite number?
True
Is 111320129461 a composite number?
False
Is 304011073 composite?
True
Is 323090633 composite?
True
Is 733175011 composite?
False
Is 371585297 a prime number?
False
Is 4518807395 composite?
True
Is 284243647 a composite number?
False
Is 3880873687 prime?
True
Is 167739881 composite?
False
Is 4560998483 composite?
False
Is 9624283477 a prime number?
True
Is 29770368682 a composite number?
True
Is 1480955059 a prime number?
True
Is 4318049287 a prime number?
True
Is 38057759 prime?
True
Is 22469204677 a prime number?
True
Is 839679751 prime?
True
Is 64142274319 a composite number?
True
Is 3822971773 prime?
True
Is 4396198621 composite?
False
Is 14967030131 a prime number?
True
Is 273408169 prime?
True
Is 14476766987 a prime number?
True
Is 3390025493 a prime number?
False
Is 2571479221 prime?
False
Is 633081499 a composite number?
True
Is 35304788359 composite?
True
Is 7104181297 a prime number?
False
Is 117082814 a prime number?
False
Is 10380263263 composite?
True
Is 8091620677 prime?
False
Is 14929427 a prime number?
True
Is 262231019111 a prime number?
False
Is 5815063433 a prime number?
True
Is 62718049 prime?
False
Is 3796242673 a prime number?
True
Is 411565039 prime?
False
Is 16293332194 composite?
True
Is 8711725493 a prime number?
False
Is 11318938399 a composite number?
True
Is 43072606979 a composite number?
False
Is 9205032335 prime?
False
Is 291725942 composite?
True
Is 7074165079 prime?
False
Is 3312469049 composite?
False
Is 175011619 a composite number?
False
Is 418467859 a composite number?
True
Is 1116049657 composite?
True
Is 2491773821 prime?
True
Is 3893413157 a composite number?
False
Is 8716366523 composite?
False
Is 15669245483 a prime number?
True
Is 6286541321 a composite number?
False
Is 87152743127 composite?
False
Is 51932537 a composite number?
False
Is 2252575709 a prime number?
True
Is 514469629 a composite number?
False
Is 708536473 a prime number?
False
Is 21984229253 composite?
True
Is 602268103 prime?
True
Is 420980699 a composite number?
False
Is 50802809177 a prime number?
True
Is 2563911113 a prime number?
False
Is 84095966989 prime?
True
Is 13412075633 prime?
False
Is 37901416529 a composite number?
False
Is 4146118793 prime?
True
Is 29285489 composite?
False
Is 271267638737 composite?
True
Is 29050293 prime?
False
Is 498660913 composite?
False
Is 2525246431 a composite number?
False
Is 240493159 composite?
True
Is 52681954271 a composite number?
True
Is 1339123421 composite?
False
Is 1621751249 composite?
False
Is 11224650037 a composite number?
False
Is 149712772585 a composite number?
True
Is 184358129 composite?
False
Is 12336439015 a composite number?
True
Is 2871644257 a composite number?
True
Is 12756479341 a composite number?
False
Is 10538362139 a prime number?
True
Is 190289497 prime?
True
Is 1769182769 composite?
False
Is 53707715 prime?
False
Is 5868077843 composite?
True
Is 22067071771 prime?
False
Is 11489798137 a prime number?
False
Is 7814215901 a composite number?
False
Is 249759849 a prime number?
False
Is 445744879 a composite number?
True
Is 21308780911 a composite number?
True
Is 5362636327 prime?
True
Is 407623091 a prime number?
True
Is 86625033137 composite?
False
Is 37157429641 composite?
True
Is 34819902307 prime?
True
Is 14086740622 composite?
True
Is 789127841 composite?
True
Is 2835852817 prime?
False
Is 39344137942 prime?
False
Is 1934453218 prime?
False
Is 36568701347 composite?
False
Is 640407301 prime?
True
Is 35499795403 a composite number?
True
Is 2809256059 a composite number?
True
Is 8655396023 prime?
True
Is 18772656401 composite?
True
Is 841108483 prime?
True
Is 222314909827 prime?
False
Is 13738418891 a composite number?
True
Is 184783465 a composite number?
True
Is 668161027 prime?
True
Is 1790385397 composite?
False
Is 105070291 a prime number?
True
Is 9366973771 a composite number?
False
Is 418377067 a composite number?
True
Is 384086981 prime?
True
Is 2105753057 prime?
True
Is 4370703023 a composite number?
False
Is 8539013579 a prime number?
True
Is 4300227623 prime?
True
Is 168096504899 a composite number?
False
Is 234639071 a composite number?
True
Is 1666047853 a composite number?
False
Is 13250819 a prime number?
True
Is 152689753 prime?
True
Is 791734241 a composite number?
False
Is 136939859519 composite?
False
Is 3135025013 a prime number?
True
Is 937795921 a prime number?
False
Is 136391740649 a prime number?
False
Is 1121827931 a prime number?
False
Is 111571215401 composite?
False
Is 6783015451 a prime number?
True
Is 491766391 a prime number?
True
Is 75779323861 prime?
True
Is 2474880718 a prime number?
False
Is 59288544401 prime?
True
Is 7897649 composite?
False
Is 1860105257 a composite number?
False
Is 6221152711 composite?
False
Is 2763604447 composite?
False
Is 3870673117 composite?
False
Is 48012141 composite?
True
Is 20388600391 a prime number?
False
Is 5584500017 prime?
False
Is 55907164559 composite?
False
Is 202336294679 composite?
True
Is 6321100195 prime?
False
Is 184763855777 prime?
False
Is 15333992803 prime?
False
Is 48890977 a prime number?
False
Is 2300640431 composite?
True
Is 42933560099 prime?
False
Is 12131219623 prime?
False
Is 3221547047 a composite number?
False
Is 738789217 prime?
False
Is 5767573391 a prime number?
False
Is 4979239393 prime?
True
Is 220835449 prime?
True
Is 1334841211 prime?
False
Is 64654545731 a composite number?
False
Is 216686791 a composite number?
False
Is 58543383697 composite?
True
Is 3560075569 prime?
False
Is 3124245607 composite?
True
Is 1035758233 a prime number?
False
Is 747096101 a prime number?
True
Is 57889001141 a prime number?
False
Is 1883675995 prime?
False
Is 966598927 composite?
True
Is 14559473069 a prime number?
False
Is 2634094189 a composite number?
True
Is 1355064071 composite?
True
Is 20844503023 a prime number?
True
Is 43965808753 prime?
False
Is 61410949031 composite?
False
Is 5253995927 prime?
True
Is 232762693 composite?
False
Is 20200925159 composite?
False
Is 38960064599 a prime number?
True
Is 1123418987 a composite number?
True
Is 273351311 prime?
True
Is 11204425273 a prime number?
True
Is 146374705 a prime number?
False
Is 31528261 prime?
False
Is 3652060551 a prime number?
False
Is 7482478727 a composite number?
False
Is 4882304233 a composite number?
False
Is 874188515 prime?
False
Is 12079267141 a prime number?
True
Is 3168094649 a prime number?
True
Is 711182729 prime?
True
Is 32488934771 a compos